{"id":102,"date":"2023-07-20T10:08:44","date_gmt":"2023-07-20T13:08:44","guid":{"rendered":"https:\/\/polifitas.com.br\/site\/?page_id=102"},"modified":"2023-07-24T14:07:49","modified_gmt":"2023-07-24T17:07:49","slug":"sobre-nos","status":"publish","type":"page","link":"https:\/\/polifitas.com.br\/site\/sobre-nos\/","title":{"rendered":"Sobre N\u00f3s"},"content":{"rendered":"\t\t<div data-elementor-type=\"wp-page\" data-elementor-id=\"102\" class=\"elementor elementor-102\" data-elementor-post-type=\"page\">\n\t\t\t\t\t\t\t\t\t<section class=\"elementor-section elementor-top-section elementor-element elementor-element-fd6882d elementor-section-boxed elementor-section-height-default elementor-section-height-default\" data-id=\"fd6882d\" data-element_type=\"section\">\n\t\t\t\t\t\t<div class=\"elementor-container elementor-column-gap-default\">\n\t\t\t\t\t<div class=\"elementor-column elementor-col-50 elementor-top-column elementor-element elementor-element-5fdae12\" data-id=\"5fdae12\" data-element_type=\"column\">\n\t\t\t<div class=\"elementor-widget-wrap elementor-element-populated\">\n\t\t\t\t\t\t\t\t<div class=\"elementor-element elementor-element-fa90efb elementor-position-right elementor-widget__width-auto elementor-mobile-position-right elementor-view-default elementor-vertical-align-top elementor-widget elementor-widget-icon-box\" data-id=\"fa90efb\" data-element_type=\"widget\" data-widget_type=\"icon-box.default\">\n\t\t\t\t<div class=\"elementor-widget-container\">\n\t\t\t<link rel=\"stylesheet\" href=\"https:\/\/polifitas.com.br\/site\/wp-content\/plugins\/elementor\/assets\/css\/widget-icon-box.min.css\">\t\t<div class=\"elementor-icon-box-wrapper\">\n\t\t\t\t\t\t<div class=\"elementor-icon-box-icon\">\n\t\t\t\t<span class=\"elementor-icon elementor-animation-\" >\n\t\t\t\t<svg xmlns=\"http:\/\/www.w3.org\/2000\/svg\" width=\"50\" height=\"50\" viewBox=\"0 0 50 50\" fill=\"none\"><g clip-path=\"url(#clip0_19_39)\"><path d=\"M9.37508 24.9999C12.2516 24.9999 14.5834 22.6681 14.5834 19.7916C14.5834 16.9151 12.2516 14.5833 9.37508 14.5833C6.4986 14.5833 4.16675 16.9151 4.16675 19.7916C4.16675 22.6681 6.4986 24.9999 9.37508 24.9999Z\" fill=\"#313131\"><\/path><path d=\"M19.7916 43.7499C22.6681 43.7499 24.9999 41.4181 24.9999 38.5416C24.9999 35.6651 22.6681 33.3333 19.7916 33.3333C16.9151 33.3333 14.5833 35.6651 14.5833 38.5416C14.5833 41.4181 16.9151 43.7499 19.7916 43.7499Z\" fill=\"#313131\"><\/path><path d=\"M31.2501 16.6667C34.1266 16.6667 36.4584 14.3348 36.4584 11.4583C36.4584 8.58185 34.1266 6.25 31.2501 6.25C28.3736 6.25 26.0417 8.58185 26.0417 11.4583C26.0417 14.3348 28.3736 16.6667 31.2501 16.6667Z\" fill=\"#313131\"><\/path><path d=\"M19.7916 16.6667C22.6681 16.6667 24.9999 14.3348 24.9999 11.4583C24.9999 8.58185 22.6681 6.25 19.7916 6.25C16.9151 6.25 14.5833 8.58185 14.5833 11.4583C14.5833 14.3348 16.9151 16.6667 19.7916 16.6667Z\" fill=\"#313131\"><\/path><path d=\"M40.6251 24.9999C43.5016 24.9999 45.8334 22.6681 45.8334 19.7916C45.8334 16.9151 43.5016 14.5833 40.6251 14.5833C37.7486 14.5833 35.4167 16.9151 35.4167 19.7916C35.4167 22.6681 37.7486 24.9999 40.6251 24.9999Z\" fill=\"#313131\"><\/path><path d=\"M36.125 30.9583C34.3125 28.8333 32.7917 27.0208 30.9583 24.8958C30 23.7708 28.7708 22.6458 27.3125 22.1458C27.0833 22.0625 26.8542 22 26.625 21.9583C26.1042 21.875 25.5417 21.875 25 21.875C24.4583 21.875 23.8958 21.875 23.3542 21.9792C23.125 22.0208 22.8958 22.0833 22.6667 22.1667C21.2083 22.6667 20 23.7917 19.0208 24.9167C17.2083 27.0417 15.6875 28.8542 13.8542 30.9792C11.125 33.7083 7.77085 36.7292 8.39585 40.9583C9.00001 43.0833 10.5208 45.1875 13.25 45.7917C14.7708 46.1042 19.625 44.875 24.7917 44.875H25.1667C30.3333 44.875 35.1875 46.0833 36.7083 45.7917C39.4375 45.1875 40.9583 43.0625 41.5625 40.9583C42.2083 36.7083 38.8542 33.6875 36.125 30.9583Z\" fill=\"#313131\"><\/path><\/g><defs><clipPath id=\"clip0_19_39\"><rect width=\"50\" height=\"50\" fill=\"white\"><\/rect><\/clipPath><\/defs><\/svg>\t\t\t\t<\/span>\n\t\t\t<\/div>\n\t\t\t\t\t\t<div class=\"elementor-icon-box-content\">\n\t\t\t\t<h3 class=\"elementor-icon-box-title\">\n\t\t\t\t\t<span  >\n\t\t\t\t\t\tSOBRE N\u00d3S\t\t\t\t\t<\/span>\n\t\t\t\t<\/h3>\n\t\t\t\t\t\t\t<\/div>\n\t\t<\/div>\n\t\t\t\t<\/div>\n\t\t\t\t<\/div>\n\t\t\t\t<div class=\"elementor-element elementor-element-6417d52 elementor-widget elementor-widget-text-editor\" data-id=\"6417d52\" data-element_type=\"widget\" data-widget_type=\"text-editor.default\">\n\t\t\t\t<div class=\"elementor-widget-container\">\n\t\t\t<style>\/*! elementor - v3.14.0 - 26-06-2023 *\/\n.elementor-widget-text-editor.elementor-drop-cap-view-stacked .elementor-drop-cap{background-color:#69727d;color:#fff}.elementor-widget-text-editor.elementor-drop-cap-view-framed .elementor-drop-cap{color:#69727d;border:3px solid;background-color:transparent}.elementor-widget-text-editor:not(.elementor-drop-cap-view-default) .elementor-drop-cap{margin-top:8px}.elementor-widget-text-editor:not(.elementor-drop-cap-view-default) .elementor-drop-cap-letter{width:1em;height:1em}.elementor-widget-text-editor .elementor-drop-cap{float:left;text-align:center;line-height:1;font-size:50px}.elementor-widget-text-editor .elementor-drop-cap-letter{display:inline-block}<\/style>\t\t\t\t<p><span class=\"xr_tl Normal_text xr_s8\"><strong>Inova\u00e7\u00e3o, esta \u00e9 a principal meta da Polifitas.<\/strong> <\/span><\/p><p><span class=\"xr_tl Normal_text xr_s8\">Oferecer ao mercado um novo conceito de qualidade. Com<\/span><span class=\"xr_tl Normal_text xr_s8\">\u00a0origem no segmento de fitas t\u00e9cnicas, temos <\/span><span class=\"xr_tl Normal_text xr_s8\">como novo desafio a fabrica\u00e7\u00e3o de cadar\u00e7os em <\/span><span class=\"xr_tl Normal_text xr_s8\">polipropileno para as mais diversas aplica\u00e7\u00f5es.<\/span><\/p><p><span class=\"xr_tl Normal_text xr_s8\"> Queremos<\/span><span class=\"xr_tl Normal_text xr_s8\">\u00a0estar sempre alinhados com o mercado <\/span><span class=\"xr_tl Normal_text xr_s8\">para o lan\u00e7amento de novos produtos que possam <\/span><span class=\"xr_tl Normal_text xr_s8\">atender a expectativa de nossos clientes. Como<\/span><span class=\"xr_tl Normal_text xr_s8\">\u00a0tamb\u00e9m estaremos sempre dispon\u00edveis para o <\/span><span class=\"xr_tl Normal_text xr_s8\">desenvolvimento de produtos sob medida e com a <\/span><span class=\"xr_tl Normal_text xr_s8\">exclusividade. Para<\/span><span class=\"xr_tl Normal_text xr_s8\">\u00a0atender a toda a esta expectativa possu\u00edmos <\/span><span class=\"xr_tl Normal_text xr_s8\">equipamentos de alta tecnologia e um corpo t\u00e9cnico <\/span><span class=\"xr_tl Normal_text xr_s8\">com mais de 30 anos na Ind\u00fastria T\u00eaxtil.<\/span><\/p>\t\t\t\t\t\t<\/div>\n\t\t\t\t<\/div>\n\t\t\t\t<div class=\"elementor-element elementor-element-c063e0a elementor-mobile-align-center elementor-widget elementor-widget-button\" data-id=\"c063e0a\" data-element_type=\"widget\" data-widget_type=\"button.default\">\n\t\t\t\t<div class=\"elementor-widget-container\">\n\t\t\t\t\t<div class=\"elementor-button-wrapper\">\n\t\t\t<a class=\"elementor-button elementor-button-link elementor-size-md elementor-animation-grow\" href=\"https:\/\/wa.me\/5521970229879?text=Ol%C3%A1%2C+gostaria+de+receber+mais+informa%C3%A7%C3%B5es\">\n\t\t\t\t\t\t<span class=\"elementor-button-content-wrapper\">\n\t\t\t\t\t\t<span class=\"elementor-button-text\">Entrar em contato<\/span>\n\t\t<\/span>\n\t\t\t\t\t<\/a>\n\t\t<\/div>\n\t\t\t\t<\/div>\n\t\t\t\t<\/div>\n\t\t\t\t\t<\/div>\n\t\t<\/div>\n\t\t\t\t<div class=\"elementor-column elementor-col-50 elementor-top-column elementor-element elementor-element-634f3e8\" data-id=\"634f3e8\" data-element_type=\"column\">\n\t\t\t<div class=\"elementor-widget-wrap elementor-element-populated\">\n\t\t\t\t\t\t\t\t<div class=\"elementor-element elementor-element-6c71a0f elementor-widget elementor-widget-image\" data-id=\"6c71a0f\" data-element_type=\"widget\" data-widget_type=\"image.default\">\n\t\t\t\t<div class=\"elementor-widget-container\">\n\t\t\t<style>\/*! elementor - v3.14.0 - 26-06-2023 *\/\n.elementor-widget-image{text-align:center}.elementor-widget-image a{display:inline-block}.elementor-widget-image a img[src$=\".svg\"]{width:48px}.elementor-widget-image img{vertical-align:middle;display:inline-block}<\/style>\t\t\t\t\t\t\t\t\t\t\t\t<img loading=\"lazy\" decoding=\"async\" width=\"550\" height=\"461\" src=\"https:\/\/polifitas.com.br\/site\/wp-content\/uploads\/2023\/07\/Group-8-8.png\" class=\"attachment-large size-large wp-image-372\" alt=\"\" srcset=\"https:\/\/polifitas.com.br\/site\/wp-content\/uploads\/2023\/07\/Group-8-8.png 550w, https:\/\/polifitas.com.br\/site\/wp-content\/uploads\/2023\/07\/Group-8-8-300x251.png 300w\" sizes=\"auto, (max-width: 550px) 100vw, 550px\" \/>\t\t\t\t\t\t\t\t\t\t\t\t\t\t\t<\/div>\n\t\t\t\t<\/div>\n\t\t\t\t\t<\/div>\n\t\t<\/div>\n\t\t\t\t\t\t\t<\/div>\n\t\t<\/section>\n\t\t\t\t\t\t\t<\/div>\n\t\t","protected":false},"excerpt":{"rendered":"<p>SOBRE N\u00d3S Inova\u00e7\u00e3o, esta \u00e9 a principal meta da Polifitas. Oferecer ao mercado um novo conceito de qualidade. Com\u00a0origem no segmento de fitas t\u00e9cnicas, temos como novo desafio a fabrica\u00e7\u00e3o de cadar\u00e7os em polipropileno para as mais diversas aplica\u00e7\u00f5es. Queremos\u00a0estar sempre alinhados com o mercado para o lan\u00e7amento de novos produtos que possam atender a [&hellip;]<\/p>\n","protected":false},"author":1,"featured_media":0,"parent":0,"menu_order":0,"comment_status":"closed","ping_status":"closed","template":"elementor_header_footer","meta":{"_joinchat":[],"footnotes":""},"class_list":["post-102","page","type-page","status-publish","hentry"],"_links":{"self":[{"href":"https:\/\/polifitas.com.br\/site\/wp-json\/wp\/v2\/pages\/102","targetHints":{"allow":["GET"]}}],"collection":[{"href":"https:\/\/polifitas.com.br\/site\/wp-json\/wp\/v2\/pages"}],"about":[{"href":"https:\/\/polifitas.com.br\/site\/wp-json\/wp\/v2\/types\/page"}],"author":[{"embeddable":true,"href":"https:\/\/polifitas.com.br\/site\/wp-json\/wp\/v2\/users\/1"}],"replies":[{"embeddable":true,"href":"https:\/\/polifitas.com.br\/site\/wp-json\/wp\/v2\/comments?post=102"}],"version-history":[{"count":19,"href":"https:\/\/polifitas.com.br\/site\/wp-json\/wp\/v2\/pages\/102\/revisions"}],"predecessor-version":[{"id":551,"href":"https:\/\/polifitas.com.br\/site\/wp-json\/wp\/v2\/pages\/102\/revisions\/551"}],"wp:attachment":[{"href":"https:\/\/polifitas.com.br\/site\/wp-json\/wp\/v2\/media?parent=102"}],"curies":[{"name":"wp","href":"https:\/\/api.w.org\/{rel}","templated":true}]}}